{"id":3414,"date":"2024-12-21T16:08:26","date_gmt":"2024-12-21T16:08:26","guid":{"rendered":"https:\/\/joseluiscaballero.es\/?page_id=3414"},"modified":"2024-12-21T20:39:07","modified_gmt":"2024-12-21T20:39:07","slug":"las-cartas-de-antioquia","status":"publish","type":"page","link":"https:\/\/joseluiscaballero.es\/?page_id=3414","title":{"rendered":"Las cartas de Antioqu\u00eda"},"content":{"rendered":"\t\t<div data-elementor-type=\"wp-page\" data-elementor-id=\"3414\" class=\"elementor elementor-3414\" data-elementor-post-type=\"page\">\n\t\t\t\t\t\t<section class=\"elementor-section elementor-top-section elementor-element elementor-element-05cef24 elementor-section-boxed elementor-section-height-default elementor-section-height-default\" data-id=\"05cef24\" data-element_type=\"section\" data-e-type=\"section\">\n\t\t\t\t\t\t<div class=\"elementor-container elementor-column-gap-default\">\n\t\t\t\t\t<div class=\"elementor-column elementor-col-33 elementor-top-column elementor-element elementor-element-cc52440\" data-id=\"cc52440\" data-element_type=\"column\" data-e-type=\"column\">\n\t\t\t<div class=\"elementor-widget-wrap elementor-element-populated\">\n\t\t\t\t\t\t<div class=\"elementor-element elementor-element-3521507 elementor-widget elementor-widget-image\" data-id=\"3521507\" data-element_type=\"widget\" data-e-type=\"widget\" data-widget_type=\"image.default\">\n\t\t\t\t<div class=\"elementor-widget-container\">\n\t\t\t\t\t\t\t\t\t\t\t\t\t\t\t<img fetchpriority=\"high\" decoding=\"async\" width=\"737\" height=\"1024\" src=\"https:\/\/joseluiscaballero.es\/wp-content\/uploads\/2022\/03\/08_portada_cartasantioquia-737x1024.png\" class=\"attachment-large size-large wp-image-1821\" alt=\"\" srcset=\"https:\/\/joseluiscaballero.es\/wp-content\/uploads\/2022\/03\/08_portada_cartasantioquia-737x1024.png 737w, https:\/\/joseluiscaballero.es\/wp-content\/uploads\/2022\/03\/08_portada_cartasantioquia-216x300.png 216w, https:\/\/joseluiscaballero.es\/wp-content\/uploads\/2022\/03\/08_portada_cartasantioquia-768x1066.png 768w, https:\/\/joseluiscaballero.es\/wp-content\/uploads\/2022\/03\/08_portada_cartasantioquia-600x833.png 600w, https:\/\/joseluiscaballero.es\/wp-content\/uploads\/2022\/03\/08_portada_cartasantioquia.png 857w\" sizes=\"(max-width: 737px) 100vw, 737px\" \/>\t\t\t\t\t\t\t\t\t\t\t\t\t\t\t<\/div>\n\t\t\t\t<\/div>\n\t\t\t\t\t<\/div>\n\t\t<\/div>\n\t\t\t\t<div class=\"elementor-column elementor-col-66 elementor-top-column elementor-element elementor-element-1404344\" data-id=\"1404344\" data-element_type=\"column\" data-e-type=\"column\">\n\t\t\t<div class=\"elementor-widget-wrap elementor-element-populated\">\n\t\t\t\t\t\t<div class=\"elementor-element elementor-element-c89ce78 elementor-widget elementor-widget-text-editor\" data-id=\"c89ce78\" data-element_type=\"widget\" data-e-type=\"widget\" data-widget_type=\"text-editor.default\">\n\t\t\t\t<div class=\"elementor-widget-container\">\n\t\t\t\t\t\t\t\t\t<p><span style=\"font-size: 18px;\">El centuri\u00f3n Cayo S\u00e9ptimo Marcelo no es un h\u00e9roe romano al uso. No es valiente, no es generoso, ni siquiera es eficaz; m\u00e1s bien se nutre de la trampa, de excesivo vino e, indistintamente, de esclavos y esclavas j\u00f3venes. Al servicio secreto del procurador de Judea, Poncio Pilato, Marcelo se sumerge en las cloacas pol\u00edticas de Jerusal\u00e9n para intentar descubrir a los asesinos de dos ciudadanos romanos, para controlar los movimientos de un molesto l\u00edder esenio llamado Jes\u00fas de Nazareth y para constatar la corrupci\u00f3n y el vicio delirantes que anidan en la corte del rey Herodes Antipas. El centuri\u00f3n Marcelo ignora, sin embargo, un secreto celosamente guardado en Antioqu\u00eda, que ya cost\u00f3 la vida a varios de sus mentores y puede costarle tambi\u00e9n la suya.<\/span><\/p>\n<p><span style=\"font-size: 18px;\">\u00a0<\/span><\/p>\n<p>\u00a0<\/p>\t\t\t\t\t\t\t\t<\/div>\n\t\t\t\t<\/div>\n\t\t\t\t<div class=\"elementor-element elementor-element-9b160a6 elementor-widget elementor-widget-button\" data-id=\"9b160a6\" data-element_type=\"widget\" data-e-type=\"widget\" data-widget_type=\"button.default\">\n\t\t\t\t<div class=\"elementor-widget-container\">\n\t\t\t\t\t\t\t\t\t<div class=\"elementor-button-wrapper\">\n\t\t\t\t\t<a class=\"elementor-button elementor-button-link elementor-size-sm\" href=\"https:\/\/www.casadellibro.com\/libro-las-cartas-de-antioquia\/9788495623423\/1060313?srsltid=AfmBOooWXs__pihECY8Nvshho-uA_-EqsUpIAf7cc63UkLmt6Ne_SL4a\" target=\"_blank\">\n\t\t\t\t\t\t<span class=\"elementor-button-content-wrapper\">\n\t\t\t\t\t\t\t\t\t<span class=\"elementor-button-text\">\u00bfLo quieres?<\/span>\n\t\t\t\t\t<\/span>\n\t\t\t\t\t<\/a>\n\t\t\t\t<\/div>\n\t\t\t\t\t\t\t\t<\/div>\n\t\t\t\t<\/div>\n\t\t\t\t\t<\/div>\n\t\t<\/div>\n\t\t\t\t\t<\/div>\n\t\t<\/section>\n\t\t\t\t<\/div>\n\t\t","protected":false},"excerpt":{"rendered":"<p>El centuri\u00f3n Cayo S\u00e9ptimo Marcelo no es un h\u00e9roe romano al uso. No es valiente, no es generoso, ni siquiera es eficaz; m\u00e1s bien se nutre de la trampa, de [&hellip;]<\/p>\n","protected":false},"author":1,"featured_media":0,"parent":0,"menu_order":0,"comment_status":"closed","ping_status":"closed","template":"","meta":{"footnotes":""},"class_list":["post-3414","page","type-page","status-publish","hentry"],"_links":{"self":[{"href":"https:\/\/joseluiscaballero.es\/index.php?rest_route=\/wp\/v2\/pages\/3414","targetHints":{"allow":["GET"]}}],"collection":[{"href":"https:\/\/joseluiscaballero.es\/index.php?rest_route=\/wp\/v2\/pages"}],"about":[{"href":"https:\/\/joseluiscaballero.es\/index.php?rest_route=\/wp\/v2\/types\/page"}],"author":[{"embeddable":true,"href":"https:\/\/joseluiscaballero.es\/index.php?rest_route=\/wp\/v2\/users\/1"}],"replies":[{"embeddable":true,"href":"https:\/\/joseluiscaballero.es\/index.php?rest_route=%2Fwp%2Fv2%2Fcomments&post=3414"}],"version-history":[{"count":17,"href":"https:\/\/joseluiscaballero.es\/index.php?rest_route=\/wp\/v2\/pages\/3414\/revisions"}],"predecessor-version":[{"id":3442,"href":"https:\/\/joseluiscaballero.es\/index.php?rest_route=\/wp\/v2\/pages\/3414\/revisions\/3442"}],"wp:attachment":[{"href":"https:\/\/joseluiscaballero.es\/index.php?rest_route=%2Fwp%2Fv2%2Fmedia&parent=3414"}],"curies":[{"name":"wp","href":"https:\/\/api.w.org\/{rel}","templated":true}]}}