{"id":5474,"date":"2025-10-20T06:02:39","date_gmt":"2025-10-20T06:02:39","guid":{"rendered":"https:\/\/joseluiscaballero.es\/?page_id=5474"},"modified":"2025-10-20T06:17:50","modified_gmt":"2025-10-20T06:17:50","slug":"cartagena","status":"publish","type":"page","link":"https:\/\/joseluiscaballero.es\/?page_id=5474","title":{"rendered":"Cartagena"},"content":{"rendered":"\t\t<div data-elementor-type=\"wp-page\" data-elementor-id=\"5474\" class=\"elementor elementor-5474\" data-elementor-post-type=\"page\">\n\t\t\t\t\t\t<section class=\"elementor-section elementor-top-section elementor-element elementor-element-658b7345 elementor-section-boxed elementor-section-height-default elementor-section-height-default\" data-id=\"658b7345\" data-element_type=\"section\" data-e-type=\"section\">\n\t\t\t\t\t\t<div class=\"elementor-container elementor-column-gap-default\">\n\t\t\t\t\t<div class=\"elementor-column elementor-col-100 elementor-top-column elementor-element elementor-element-23b9b63b\" data-id=\"23b9b63b\" data-element_type=\"column\" data-e-type=\"column\">\n\t\t\t<div class=\"elementor-widget-wrap elementor-element-populated\">\n\t\t\t\t\t\t<div class=\"elementor-element elementor-element-565edae6 elementor-widget elementor-widget-text-editor\" data-id=\"565edae6\" data-element_type=\"widget\" data-e-type=\"widget\" data-widget_type=\"text-editor.default\">\n\t\t\t\t<div class=\"elementor-widget-container\">\n\t\t\t\t\t\t\t\t\t\n<p><img fetchpriority=\"high\" decoding=\"async\" class=\"size-medium wp-image-4673 alignleft\" src=\"https:\/\/joseluiscaballero.es\/wp-content\/uploads\/2025\/06\/51GCOnR7hTL-205x300.jpg\" alt=\"\" width=\"205\" height=\"300\" srcset=\"https:\/\/joseluiscaballero.es\/wp-content\/uploads\/2025\/06\/51GCOnR7hTL-205x300.jpg 205w, https:\/\/joseluiscaballero.es\/wp-content\/uploads\/2025\/06\/51GCOnR7hTL.jpg 342w\" sizes=\"(max-width: 205px) 100vw, 205px\" \/><\/p>\n<h3>Novelista o analista.<\/h3>\n<p>En 2009 acababa de publicar mi novela \u00abEl esp\u00eda imperfecto\u00bb cuando recib\u00ed una invitaci\u00f3n inesperada. Jos\u00e9 Sanmart\u00edn, catedr\u00e1tico de la Universidad de Alicante, especializado en Servicios de Inteligencia, me invit\u00f3 a participar en un cursillo de verano sobre su especialidad a celebrar en la Universidad Polit\u00e9cnica de Cartagena. Mi participaci\u00f3n deb\u00eda versar obviamente sobre el contenido de mi novela, ETA y el trabajo del CESID espa\u00f1ol de la \u00e9poca. Sanmart\u00edn y probablemente alguien en el servicio de Inteligencia hab\u00edan captado que en la novela exist\u00eda un trabajo cercano al entorno de la organizaci\u00f3n vasca, algo que yo hab\u00eda conocido de rebote por algunas amistades cultivadas en la localidad de Mondrag\u00f3n y en mi afici\u00f3n por la alta monta\u00f1a. Cuando recib\u00ed la invitaci\u00f3n me entr\u00f3 la sensaci\u00f3n de enfrentarme a algo que superaba mis posibilidades y mis conocimientos y recurr\u00ed a un amigo periodista que a su vez me conect\u00f3 con un militar ex miembro de los servicios de Inteligencia del Ej\u00e9rcito al que le ped\u00ed ayuda sobre c\u00f3mo enfrentarme a una pl\u00e9yade de agentes secretos en activo en el escenario del antiguo cuartel de mariner\u00eda de la Base Naval de Cartagena. Ese contacto, ex agente muy bregado, me dijo algo que me ha quedado claro desde entonces: \u00abEl trabajo de un analista de Inteligencia y el de un novelista es el mismo. Se recoge informaci\u00f3n, el analista lo resume en dos folios que entrega a sus superiores y el novelista en doscientas o trescientas p\u00e1ginas\u00bb. Y as\u00ed me enfrent\u00e9 al auditorio de estudiantes y especialistas en Cartagena hablando de ETA, Mondrag\u00f3n y mi esp\u00eda imperfecto.<\/p>\n\t\t\t\t\t\t\t\t<\/div>\n\t\t\t\t<\/div>\n\t\t\t\t\t<\/div>\n\t\t<\/div>\n\t\t\t\t\t<\/div>\n\t\t<\/section>\n\t\t\t\t<\/div>\n\t\t","protected":false},"excerpt":{"rendered":"<p>Novelista o analista. En 2009 acababa de publicar mi novela \u00abEl esp\u00eda imperfecto\u00bb cuando recib\u00ed una invitaci\u00f3n inesperada. Jos\u00e9 Sanmart\u00edn, catedr\u00e1tico de la Universidad de Alicante, especializado en Servicios de [&hellip;]<\/p>\n","protected":false},"author":1,"featured_media":0,"parent":5415,"menu_order":0,"comment_status":"closed","ping_status":"closed","template":"","meta":{"footnotes":""},"class_list":["post-5474","page","type-page","status-publish","hentry"],"_links":{"self":[{"href":"https:\/\/joseluiscaballero.es\/index.php?rest_route=\/wp\/v2\/pages\/5474","targetHints":{"allow":["GET"]}}],"collection":[{"href":"https:\/\/joseluiscaballero.es\/index.php?rest_route=\/wp\/v2\/pages"}],"about":[{"href":"https:\/\/joseluiscaballero.es\/index.php?rest_route=\/wp\/v2\/types\/page"}],"author":[{"embeddable":true,"href":"https:\/\/joseluiscaballero.es\/index.php?rest_route=\/wp\/v2\/users\/1"}],"replies":[{"embeddable":true,"href":"https:\/\/joseluiscaballero.es\/index.php?rest_route=%2Fwp%2Fv2%2Fcomments&post=5474"}],"version-history":[{"count":9,"href":"https:\/\/joseluiscaballero.es\/index.php?rest_route=\/wp\/v2\/pages\/5474\/revisions"}],"predecessor-version":[{"id":5486,"href":"https:\/\/joseluiscaballero.es\/index.php?rest_route=\/wp\/v2\/pages\/5474\/revisions\/5486"}],"up":[{"embeddable":true,"href":"https:\/\/joseluiscaballero.es\/index.php?rest_route=\/wp\/v2\/pages\/5415"}],"wp:attachment":[{"href":"https:\/\/joseluiscaballero.es\/index.php?rest_route=%2Fwp%2Fv2%2Fmedia&parent=5474"}],"curies":[{"name":"wp","href":"https:\/\/api.w.org\/{rel}","templated":true}]}}